05, v - 5*t = 1739. What are the prime factors of v?
2, 3, 7
Suppose 0 = -3*i - 28 + 76. Let q(f) = 9*f**2 + 3*f + 1. Let r be q(-2). Let j = r - i. List the prime factors of j.
3, 5
Let u(x) = 3*x**3 + 7*x**2 - 52*x + 4. What are the prime factors of u(6)?
2, 37
Let x be (-7)/((-3 - 1)/(-4)). Let d = -1 + x. Let q(u) = u**2 + 8*u + 14. What are the prime factors of q(d)?
2, 7
Let m(z) = 5*z**2 + 12*z - 17. Let i(s) = -6*s**2 - 13*s + 18. Suppose -4*p - 6 = 14. Let q(w) = p*m(w) - 4*i(w). List the prime factors of q(-9).
2
Suppose -3*c + 7*c + 12 = 0, 0 = 5*r + c - 9842. What are the prime factors of r?
11, 179
Suppose 3*p = -10*p - 13. List the prime factors of (-4)/p - (-20 - 184).
2, 13
Let o(v) = v**3 + 6*v**2 + 5*v + 4. Let p be o(-5). Let t(z) = 4*z**2 + 6*z + 2. List the prime factors of t(p).
2, 3, 5
Suppose -3*x = 2*u - 3*u + 24, 4*x + u + 39 = 0. Let k be (-964)/(-36) - 2/x. Suppose 0 = 7*s - 132 + k. What are the prime factors of s?
3, 5
Suppose -2*x - 24 = -6. Let w(d) = 2*d**2 + 7*d + 11. List the prime factors of w(x).
2, 5, 11
Suppose 9370 = 15*y - 5*y. List the prime factors of y.
937
Let n = -1186 + 1396. What are the prime factors of n?
2, 3, 5, 7
Let j be (-2)/6 + 32/(-3). Let n = j + 16. Suppose 0 = -x - 4, 0 = -n*d + x + 74 + 15. List the prime factors of d.
17
Let l = 37 + -37. What are the prime factors of 80 + 0 - -1*(0 - l)?
2, 5
Suppose 13123 = 15*w + 3748. What are the prime factors of w?
5
Suppose -148*q - 3075 = -153*q. List the prime factors of q.
3, 5, 41
Let v be (-3)/(-12) - (-88)/32. Suppose v*b - 615 = -2*b. Suppose -2*f + u = -4*f + b, 4*u = 4*f - 276. List the prime factors of f.
2
Let r(f) = -f**3 - 3*f + 62. Suppose 2*c - 15 = 6*c - 5*j, -4*c - 5*j = -15. What are the prime factors of r(c)?
2, 31
Let j(o) = -1. Let w(y) = -34*y - 16. Let v(d) = j(d) + w(d). What are the prime factors of v(-5)?
3, 17
Let b(p) = p**3 + 53*p**2 + 92*p + 52. What are the prime factors of b(-50)?
2, 3, 41
Let s(f) = f**3 - 4*f**2 - 2*f - 9. Let r be s(5). Suppose t = r - 2. Suppose -6*n = -t*n - 20. List the prime factors of n.
2, 5
Let h(x) = -2*x + 5. Let j be h(0). Let i = j - -3. Suppose -90 = 5*p - i*p. List the prime factors of p.
2, 3, 5
Let o(j) = -2*j - 3. Let v be o(-13). Suppose -3 + v = 4*i. Suppose 2 + 17 = 2*r - i*y, r - y - 14 = 0. What are the prime factors of r?
17
Let f be (-525)/(-6) - 15/10. Let x = f - 48. List the prime factors of x.
2, 19
Let i = -7 + 7. Let d be 79 - (i + -2 - -4). Suppose b + h = -2*b + d, -4*h = -4*b + 108. What are the prime factors of b?
2, 13
Suppose 0 = 23*d - 13*d - 7100. What are the prime factors of d?
2, 5, 71
Suppose 0 = 2*w - 2, 4*b + 5*w = 18 + 11. Let n = b - 19. Let i = 9 - n. What are the prime factors of i?
2, 11
Suppose -3648 = 6*z - 22*z. List the prime factors of z.
2, 3, 19
Suppose -2386 + 890 = -2*p. What are the prime factors of p?
2, 11, 17
Let m = 5169 + -2776. List the prime factors of m.
2393
Suppose 7*v + 92 = 5*v. Let i = -7 - v. List the prime factors of i.
3, 13
Let q = -37 - -61. Suppose -2*t - 5*b - 28 = -3*t, 5*t + 4*b - q = 0. List the prime factors of t.
2
Let b(s) = -s**3 - 6*s**2 + 7*s + 4. Let y be ((-7)/3)/(7/21). Let w be b(y). Suppose -30 = -3*l + 3*g, w*l = 2*g - 3*g + 60. What are the prime factors of l?
2, 7
Suppose h + 0*h - 234 = q, -2*h = 2*q - 484. List the prime factors of h.
2, 7, 17
Let l = 3096 - 1846. What are the prime factors of l?
2, 5
Let o(y) = -y**3 + 21*y**2 + 18*y - 22. What are the prime factors of o(21)?
2, 89
Suppose j + 27 = 5*u, -3*u + 3*j + 13 = 4*j. Suppose 9 + 136 = u*h. Let p = h + -12. What are the prime factors of p?
17
Let c(n) = 63*n**3 - 8*n**2 + 8*n - 1. List the prime factors of c(4).
5, 787
Suppose -4*a + 2243 = -p, 32*p = 3*a + 33*p - 1691. What are the prime factors of a?
2, 281
Let r(i) be the first derivative of 17*i**2/2 + i + 29. What are the prime factors of r(3)?
2, 13
Suppose -4*p - 14190 = -9*p. What are the prime factors of 2/5 - p/(-55)?
2, 13
Let f(g) be the first derivative of g - 43/2*g**2 - 7. What are the prime factors of f(-1)?
2, 11
Let r(j) = -143*j + 5. What are the prime factors of r(-3)?
2, 7, 31
Let h(z) = 31*z**2 + 52*z + 30. List the prime factors of h(-5).
5, 109
Let k = -49 + 49. List the prime factors of 60 - k - (4 + -5).
61
Let g(z) = z**2 - z + 33. Let d be g(0). Suppose a - d = -2*a. Suppose a = 5*v + 4*b - 4, -b = 0. What are the prime factors of v?
3
Suppose -5*f - 4*r + 48 = 0, 2 + 24 = 3*f + r. Suppose -84 = f*w - 10*w. List the prime factors of w.
2, 3, 7
Let x(b) = b**3 + 11*b**2 - b - 17. Let w be x(-11). What are the prime factors of (76/8)/((-1)/w)?
3, 19
Suppose 13*r - 8*r - 5 = 0. Let t be (0/4 + 62)/r. Suppose k + 2*z = -3*k + t, -z = -k + 14. List the prime factors of k.
3, 5
Let d = 4 - -10. Let s(r) = r**3 - 13*r**2 - 15*r + 20. What are the prime factors of s(d)?
2, 3
Let n be ((-1)/(-1))/(-1*(-2)/502). Suppose 5*a - n = -2*m, 4*a + 235 = -3*m + 629. List the prime factors of m.
2, 3, 23
Suppose 14*s + 5*r = 11*s + 5388, 0 = 2*s - r - 3592. What are the prime factors of s?
2, 449
Let w be -2 + 3 + (7 - 3) + -4. List the prime factors of (-33)/(-3) - (w + (-8 - -4)).
2, 7
Suppose -2*g - 100 = 2*g. Let x = 30 + g. List the prime factors of x.
5
Suppose -5*x - u = -3*u - 178, -4 = u. Suppose 37*m - 399 = x*m. What are the prime factors of m?
7, 19
Let t be 2/(-3) + (-1632)/36. Let p = t - 4. List the prime factors of ((-20)/p)/(1/15).
2, 3
Let t be 0*(-1)/3 + 5. Let x be (-1)/((-3)/78*2). Suppose -4*i = -t*i + x. What are the prime factors of i?
13
Let t be 0/4*(-5)/(-15). Let o(u) = u + 10. What are the prime factors of o(t)?
2, 5
Suppose 0*p = 2*t - 2*p - 422, -3*t - 4*p = -633. What are the prime factors of t?
211
Suppose -3 = -w, -2*q + 0*w = 3*w - 449. Suppose -7*x + q = -2*x. List the prime factors of x.
2, 11
Let y(d) = 6*d - 9. Let p(c) = -c**3 + 8*c**2 - 5*c - 10. Let o be p(7). Let b be o/(-34) + 276/34. What are the prime factors of y(b)?
3, 13
Let m(d) = d - 24. Let b be m(26). What are the prime factors of (-604)/8*(-1*b + 0)?
151
Let w be (-2)/(-3) - ((-633)/9 + 5). Suppose 0 = w*x - 68*x + 48. List the prime factors of x.
2, 3
Let w(r) = 46*r**2 - 36*r - 239. List the prime factors of w(-6).
23, 71
Let o(b) = -3*b - 15. Let w be o(-12). Suppose -j + w = -10. List the prime factors of j.
31
Suppose 0*r = -9*r + 153. Let h = r + 103. What are the prime factors of h?
2, 3, 5
Let h(g) = -g**2 + 51*g + 1. List the prime factors of h(27).
11, 59
Let s = 52 + -58. Let u(t) = -19*t - 25. What are the prime factors of u(s)?
89
Let p(d) = d**3 + 4*d**2 + 4*d + 4. Let k be p(-3). Suppose -4*s + 6 = -4*l - 6, -3*s + 8 = -4*l. List the prime factors of (s/12)/(k/39).
13
Suppose 5*o = 4*o + 2. Suppose -4 = -u + o. Let s = -1 + u. What are the prime factors of s?
5
Suppose -4*g + 267 = 23. Let r = 15 + g. What are the prime factors of r?
2, 19
Let a = 597 - 387. Suppose 61 = -s + 2*s - 4*h, -5*s + h + a = 0. What are the prime factors of s?
41
What are the prime factors of 11951/8 + -15 + 968/64?
2, 3, 83
Suppose 3 = 2*o - n, 3*n - 27 = -4*o + o. Suppose -u = 4*u, -5*u = -o*h + 8. What are the prime factors of 4*19 + 0/h?
2, 19
Let l be (-24)/(-18) + 4/(-3). Let m(g) = 3*g - 4*g + 3*g + 15 - g. List the prime factors of m(l).
3, 5
Let b(l) = -2*l - 10. Let c be b(-15). Suppose -2*d - c = -248. List the prime factors of d.
2, 3, 19
Suppose x - s + 6*s = -2, -x + 10 = -s. Let j = x - -12. Let w = 31 - j. List the prime factors of w.
11
Suppose 0 = 23*r - 21*r - 720. List the prime factors of r.
2, 3, 5
Let v(s) = -210*s - 150. What are the prime factors of v(-8)?
2, 3, 5, 17
Let p(v) = 7*v**2 - 2*v + 2. Let n be p(6). Let q = n + -111. What are the prime factors of q?
131
Let d be (-66)/(-16) + (-2)/16. Suppose -d*m + 21 = -3. What are the prime factors of m?
2, 3
Let w = -354 + 593. Let m = -139 + w. Let d = 156 - m. What are the prime factors of d?
2, 7
Suppose -14*z + 27 = -5*z. List the prime factors of 285/24 + z/24.
2, 3
Suppose -5*p + 0*j = 3*j - 4, -5*p - j = -8. Suppose -5*t + 1120 = p*t. What are the prime factors of t?
2, 5
List the prime factors of 3/15*(-31340 - 0)/(-4).
1567
Suppose -96 = a + 2*a. Suppose 2*b = -3*t + 104, -2*b + 239 = 3*b - 3*t. 